alculate r(23).
738
Let n(l) = l**3 - 24*l**2 - 131*l + 2644. Determine n(25).
-6
Let r(f) = -237*f**2 - 72*f - 1. Determine r(2).
-1093
Let o(a) = -504*a - 30662. Determine o(-61).
82
Let q(j) = -138*j + 1937. Calculate q(13).
143
Let t(c) = -82685*c + 744165. Give t(9).
0
Let r(y) = y**2 - 3093*y - 799931. Calculate r(-240).
-11
Let s(o) = 1866*o + 18681. Give s(-10).
21
Let h(j) = j**3 + 190*j**2 + 80*j - 20521. Give h(-189).
80
Let y(r) = r**2 - 3308*r + 98336. Calculate y(30).
-4
Let b(u) = -u**3 + 63*u**2 - 553*u + 173. What is b(52)?
1161
Let v(a) = a**3 + 64*a**2 + 146*a + 4045. What is v(-63)?
-1184
Let r(i) = i**2 + 591*i + 16629. Give r(-30).
-201
Let n(c) = 6887*c + 1535803. Calculate n(-223).
2
Let b(k) = -k**3 - 215*k**2 + 11452*k - 2461. Determine b(44).
3
Let x(f) = -42*f**3 - 1932*f**2 - 60*f - 2751. What is x(-46)?
9
Let o(n) = 70*n + 7947. What is o(-143)?
-2063
Let t(r) = 31867*r + 255356. Calculate t(-8).
420
Let z(n) = -2*n**2 - 113493*n - 226980. What is z(-2)?
-2
Let z(u) = 10*u**2 + 641*u + 197. Give z(-64).
133
Let p(x) = -9863*x + 719996. Calculate p(73).
-3
Let v(s) = -5*s**2 - 1559*s - 9154. What is v(-6)?
20
Let q(o) = o**3 + 17*o**2 + 59*o - 56. Determine q(-12).
-44
Let z(t) = -6486*t - 51769. Calculate z(-8).
119
Let o(n) = -29718*n - 89222. Calculate o(-3).
-68
Let d(x) = x**3 + 227*x**2 - 2149*x - 5694. Determine d(-236).
206
Let d(m) = -49*m**2 - 477*m + 3103. Calculate d(6).
-1523
Let x(f) = 327*f - 612. Calculate x(3).
369
Let h(c) = -2*c**3 + 47*c**2 - 265*c - 122. Calculate h(12).
10
Let a(t) = t**2 + 600*t + 26252. What is a(-48)?
-244
Let v(y) = 2533*y**2 - 9*y + 36. What is v(1)?
2560
Let x(i) = 446739*i + 4020656. Give x(-9).
5
Let b(r) = -34415*r + 688333. Calculate b(20).
33
Let j(y) = 10*y**3 + 3204*y**2 - 3201*y - 2. Determine j(1).
11
Let y(o) = -2*o**2 + 761*o - 37170. What is y(323)?
-25
Let o(r) = -r**3 + 30*r**2 - 81*r + 139. Calculate o(27).
139
Let o(y) = -97713*y + 3126883. Give o(32).
67
Let d(n) = -n**3 + 65*n + 161. What is d(-3)?
-7
Let x(f) = -f**2 - 137*f - 6292. What is x(-106)?
-3006
Let c(i) = 2*i**3 + 11*i**2 - 3931*i - 19678. Give c(-5).
2
Let b(z) = -13*z**3 - 418*z**2 + 348*z - 493. What is b(-33)?
2
Let c(j) = -8*j**2 + 1096*j + 40093. Give c(-30).
13
Let y(d) = -277*d + 6539. Give y(24).
-109
Let a(m) = -2*m**3 - 23*m**2 - 229*m - 1960. Calculate a(-9).
-304
Let l(z) = -2*z**2 + 2518*z - 567412. Calculate l(965).
8
Let i(m) = 11*m**2 + 83*m - 125. Determine i(-9).
19
Let z(r) = -6*r**3 + 38*r**2 + 15*r - 93. Calculate z(7).
-184
Let b(p) = p**2 - 8359*p - 598530. Determine b(-71).
0
Let d(j) = 1220*j**2 - 5821*j - 1396. Give d(5).
-1
Let j(f) = -3*f**3 - 209*f**2 + 74*f - 30965. What is j(-72)?
-5
Let n(w) = -24551*w + 171835. Determine n(7).
-22
Let i(n) = 2*n**3 + 91*n**2 - 270*n - 10315. Determine i(-46).
-11
Let m(h) = 6692*h + 1880506. Determine m(-281).
54
Let a(t) = -4*t**2 - 115*t - 793. Calculate a(-26).
-507
Let t(q) = 4*q**2 - 215*q - 264. Determine t(58).
722
Let c(r) = 602*r**2 + 2993*r - 59. Give c(-5).
26
Let p(a) = -274*a**2 - 64*a + 111. Determine p(2).
-1113
Let s(g) = g**3 - 4*g**2 - 18*g + 172. Calculate s(-5).
37
Let y(r) = 35*r**2 - 22*r + 18. Calculate y(5).
783
Let x(v) = -26*v**2 + 3379*v - 13432. Calculate x(4).
-332
Let x(a) = -5349*a + 33. Determine x(0).
33
Let m(w) = 6*w**3 - 185*w**2 + 371*w - 1665. Determine m(29).
-157
Let r(m) = -m**3 + 25*m**2 - 267*m + 1958. What is r(16)?
-10
Let q(b) = -15*b**2 + 62*b - 13. What is q(8)?
-477
Let h(w) = -4*w**3 + 4*w**2 - 6*w - 217. What is h(-8)?
2135
Let d(r) = 82*r**2 + 2443*r - 499. Calculate d(-30).
11
Let y(l) = 2356*l + 270994. Calculate y(-115).
54
Let q(b) = 285*b + 3923. Determine q(-15).
-352
Let q(b) = -17*b + 115. What is q(7)?
-4
Let c(v) = -v**3 + 72*v**2 - 1138*v + 143. Calculate c(23).
-110
Let y(x) = -389*x - 93383. What is y(-240)?
-23
Let n(u) = -141*u - 1899. Determine n(-26).
1767
Let w(l) = 574*l**2 + 277*l + 8. Calculate w(-1).
305
Let d(f) = f**3 + 27*f**2 + 355*f + 9565. Give d(-27).
-20
Let d(r) = 30*r**2 - 770*r + 449. Determine d(23).
-1391
Let g(m) = -m**3 + 102*m**2 + 339*m + 20965. Determine g(107).
-7
Let k(t) = 15*t**2 + 241*t + 592. Give k(-13).
-6
Let c(d) = -2*d**3 - 16*d**2 + 809*d + 5759. Determine c(-7).
-2
Let t(j) = -j**3 + 29*j**2 - 210*j + 1849. What is t(22)?
617
Let q(g) = 3*g**3 - 17*g**2 - 2126*g + 232. Give q(-24).
-8
Let q(x) = -x**2 - 5281*x - 1272081. Determine q(-253).
3
Let u(g) = 3*g**3 - 7*g - 55. What is u(-9)?
-2179
Let g(i) = -455*i - 42197. Give g(-93).
118
Let l(q) = -2*q**3 - 503*q**2 - 735*q - 159. What is l(-250)?
-3909
Let g(c) = -2*c**3 + 272*c**2 + 1994*c + 1459. Calculate g(143).
315
Let j(u) = u**3 - 424*u**2 + 2113*u + 10. Give j(5).
100
Let p(d) = -d**3 - 62*d**2 + 5*d + 64. Give p(-62).
-246
Let p(k) = 2*k**2 + 202*k - 844. Calculate p(-106).
216
Let k(a) = -a**3 + 28*a**2 + 531*a + 14. Determine k(-13).
40
Let u(z) = 462*z**2 - 32456*z + 8117. What is u(70)?
-3
Let x(h) = 3*h**2 + 198*h + 1540. Determine x(-35).
-1715
Let s(v) = -v**3 - 40*v**2 - 416*v - 214. Calculate s(-19).
109
Let c(j) = 43*j - 249. What is c(5)?
-34
Let f(d) = d**3 - 221*d**2 + 893*d - 5494. Give f(217).
-69
Let g(m) = -m**3 + 50*m**2 + 379*m - 1900. Give g(-10).
310
Let l(b) = 97*b**2 + 296*b - 951. Give l(-5).
-6
Let s(w) = 142*w**3 - 3*w**2 - 5*w. Determine s(-1).
-140
Let s(n) = n**3 + 63*n**2 + 960*n - 764. What is s(-29)?
-10
Let o(y) = 9*y**2 + 254*y + 920. Determine o(-22).
-312
Let x(r) = -r**3 + 25*r**2 + 452*r - 11465. What is x(23)?
-11
Let u(b) = 11*b**2 + 1005*b + 6023. Calculate u(-6).
389
Let z(u) = -u**3 - 198*u**2 - 2221*u + 2145. Give z(-186).
99
Let s(n) = -n**3 + 126*n**2 + 2633*n + 794. What is s(-18)?
56
Let z(n) = n**3 + 105*n**2 - 556*n - 68684. Give z(-104).
-44
Let p(u) = 2*u**3 + 69*u**2 - 20*u - 235. Determine p(-35).
-760
Let a(k) = 9096*k + 692. Calculate a(0).
692
Let k(j) = -2*j**2 + 34426*j - 137690. Determine k(4).
-18
Let y(h) = h**2 + 5168*h + 245728. What is y(-48)?
-32
Let f(k) = 10*k**2 + 1395*k + 18192. Determine f(-13).
1747
Let x(k) = -2*k**3 - 3*k**2 + 2814*k + 1537. Give x(-38).
17
Let r(f) = 9249*f - 11993. Calculate r(2).
6505
Let q(b) = 28233*b + 15330519. Calculate q(-543).
0
Let a(q) = 35*q**2 + 7326*q + 2287. What is a(-209)?
-12
Let t(q) = 199*q**2 + 474*q - 1747. Calculate t(2).
-3
Let y(b) = -18256*b - 127750. Determine y(-7).
42
Let y(q) = -22965*q - 757831. Determine y(-33).
14
Let a(s) = s**2 - 50789*s + 406243. Give a(8).
-5
Let x(d) = 80*d - 8115. Give x(111).
765
Let l(h) = -360*h + 405723. Determine l(1127).
3
Let o(z) = 11774*z - 94191. Give o(8).
1
Let y(f) = -7*f**2 + 635*f - 3228. What is y(5)?
-228
Let r(f) = f**2 - 976*f + 27458. Give r(29).
-5
Let o(n) = 1272*n - 1369950. What is o(1077)?
-6
Let p(i) = -2*i**3 + 15*i**2 - 75*i - 6. What is p(8)?
-670
Let n(b) = 31715*b - 253776. What is n(8)?
-56
Let v(q) = 3*q**2 + 1577*q + 21495. Determine v(-14).
5
Let s(z) = 98*z - 11219. Calculate s(111).
-341
Let x(c) = c**2 - 53368*c + 1653403. Determine x(31).
-44
Let f(o) = 2*o**3 - 32*o**2 - 711*o + 1041. What is f(28)?
-51
Let d(z) = -z**3 + 12*z**2 + 16*z + 179. Give d(14).
11
Let k(p) = -p**2 - 120*p + 57. Give k(-126).
-699
Let o(r) = -r**3 + 5*r**2 + 530*r - 5348. Calculate o(12).
4
Let l(x) = -134*x + 4872. Determine l(36).
48
Let j(w) = 278*w + 22345. What is j(-82)?
-451
Let g(u) = -2*u**3 - 226*u**2 + 62*u + 6832. What is g(-113)?
-174
Let w(l) = -6*l**2 + 1985*l - 7901. What is w(4)?
-57
Let q(r) = 45*r**2 + 179*r + 2. Calculate q(3).
944
Let q(z) = 5*z**3 + 113*z**2 - 38*z + 75. Calculate q(-22).
2363
Let d(a) = -835*a**2 - 203735*a + 207. What is d(-244)?
-1013
Let v(a) = -8908*a**2 + 258332*a - 10. Determine v(29).
-10
Let m(i) = 25723*i**2 - 51434*i + 8. Calculate m(2).
32
Let l(t) = 12*t**2 + 1242*t - 3163. Give l(-106).
17
Let a(q) = -1847*q - 456219. Give a(-247).
-10
Let q(b) = -7*b**2 + 2026*b - 74170. What is q(43)?
5
Let s(k) = -2*k**3 - 104*k**2 - 427*k - 1990. Give s(-48).
74
Let q(m) = -381*m**2 - 436*m - 438. Determine q(-1).
-383
Let r(q) = -q**3 - 18*q**2 + 16*q + 128. What is r(-9)?
-745
Let j(b) = -9*b**3 + 444*b**2 - 149*b + 350. Determine j(49).
252
Let p(o) = -9*o